 a composite number?
False
Is 276464299 a composite number?
True
Is 517402747 composite?
True
Is 10411619 a composite number?
True
Is 118590217 a composite number?
True
Is 150983011 prime?
True
Is 2769821 a prime number?
False
Is 387347603 a composite number?
False
Is 20516857 a prime number?
False
Is 5928683 prime?
True
Is 11540123 a composite number?
True
Is 38297957 prime?
False
Is 6424941 prime?
False
Is 57127 a prime number?
False
Is 41953193 a prime number?
False
Is 42884363 a prime number?
True
Is 13159451 a composite number?
True
Is 7190597 a composite number?
False
Is 16111783 composite?
False
Is 690157561 a composite number?
False
Is 398743699 composite?
True
Is 1176727987 composite?
False
Is 4315141 a prime number?
True
Is 6150629 a prime number?
False
Is 3411349 a composite number?
False
Is 225880829 a composite number?
True
Is 192588311 a composite number?
True
Is 169348097 a prime number?
False
Is 20299 prime?
False
Is 15075457 a prime number?
True
Is 235757 a prime number?
False
Is 179909387 composite?
True
Is 16272743 composite?
False
Is 1140658 a composite number?
True
Is 278999153 prime?
True
Is 4105217 a composite number?
False
Is 1734059 composite?
True
Is 1992797 composite?
False
Is 503113265 a prime number?
False
Is 37391573 prime?
True
Is 3548413 a prime number?
False
Is 18982709 a prime number?
True
Is 8221562 composite?
True
Is 353293 a composite number?
False
Is 2422337 prime?
False
Is 5422421 a composite number?
False
Is 3983299 prime?
True
Is 21479579 a prime number?
False
Is 2458933 composite?
True
Is 64045829 a composite number?
False
Is 5683463 prime?
True
Is 3416701 composite?
False
Is 1028257733 prime?
False
Is 161513701 a prime number?
True
Is 2182541 a composite number?
True
Is 144380189 a prime number?
True
Is 35980819 a composite number?
True
Is 10079203 a composite number?
False
Is 1457633 prime?
True
Is 159988351 a composite number?
True
Is 30291473 prime?
True
Is 2722709 composite?
True
Is 4245235 a composite number?
True
Is 1064882485 composite?
True
Is 43289843 a prime number?
True
Is 859536571 a prime number?
False
Is 101627497 composite?
False
Is 806977 a composite number?
False
Is 9223637 a prime number?
True
Is 3328089 a prime number?
False
Is 4556231 a composite number?
True
Is 18198011 composite?
True
Is 46328123 prime?
False
Is 6337321 composite?
False
Is 93821647 a composite number?
False
Is 1979933 a composite number?
True
Is 107895779 a prime number?
False
Is 10205891 a composite number?
True
Is 34145786 a composite number?
True
Is 186130129 a prime number?
True
Is 130729 composite?
False
Is 6026017 prime?
True
Is 118183 a composite number?
True
Is 133689727 a composite number?
False
Is 3434047 prime?
True
Is 265629569 a composite number?
False
Is 87472673 prime?
True
Is 4540607 prime?
True
Is 110270931 a composite number?
True
Is 4769867 a composite number?
False
Is 16333843 composite?
True
Is 4585627 composite?
True
Is 303629 a composite number?
True
Is 32884213 a composite number?
False
Is 295527581 prime?
True
Is 50213693 a prime number?
False
Is 15373249 a prime number?
False
Is 1840381 prime?
False
Is 2170439 prime?
False
Is 18008905 composite?
True
Is 748753 a prime number?
False
Is 6704189 a composite number?
True
Is 176532359 prime?
False
Is 5373653 composite?
False
Is 1655259 prime?
False
Is 132379523 composite?
False
Is 85099298 a composite number?
True
Is 63496673 a prime number?
True
Is 102220381 composite?
True
Is 18964727 a prime number?
False
Is 3847013 a composite number?
False
Is 982187 a prime number?
True
Is 951739 prime?
False
Is 22706111 prime?
True
Is 76965311 prime?
True
Is 566521 a composite number?
False
Is 42588227 a composite number?
True
Is 1183654 composite?
True
Is 126471641 composite?
True
Is 14755817 composite?
False
Is 72731 a prime number?
False
Is 106279957 a composite number?
True
Is 13129997 a composite number?
True
Is 1551593 a prime number?
True
Is 3669613 composite?
False
Is 63908722 a composite number?
True
Is 57379121 a composite number?
False
Is 3691931 composite?
True
Is 63051869 a composite number?
False
Is 21980219 a prime number?
False
Is 104189047 a composite number?
True
Is 462221 a composite number?
False
Is 3030789 a prime number?
False
Is 6869179 prime?
False
Is 1781693 a composite number?
False
Is 1501147 a prime number?
False
Is 289835891 prime?
True
Is 12776737 a prime number?
True
Is 179778613 composite?
True
Is 50527831 prime?
False
Is 16599181 prime?
True
Is 693317 a composite number?
False
Is 409873933 a composite number?
True
Is 553314353 composite?
True
Is 140342051 composite?
False
Is 5688871 a prime number?
True
Is 2309041 a composite number?
True
Is 14979563 a prime number?
True
Is 150992095 composite?
True
Is 4001689 a composite number?
False
Is 11156579 a prime number?
False
Is 2738401 a composite number?
True
Is 28624415 a prime number?
False
Is 65903 composite?
True
Is 59951167 composite?
False
Is 1478909 a prime number?
True
Is 5413147 a composite number?
False
Is 4379071 a prime number?
True
Is 29123 prime?
True
Is 11327999 composite?
True
Is 11976239 a prime number?
False
Is 7488157 a prime number?
False
Is 1022117 a composite number?
True
Is 301123 a prime number?
True
Is 54009719 composite?
True
Is 1871591 composite?
False
Is 28962757 a composite number?
True
Is 71574337 a composite number?
False
Is 95774719 a prime number?
False
Is 285251 a composite number?
False
Is 26732081 prime?
True
Is 3131153 a composite number?
False
Is 84309583 prime?
False
Is 5902699 a prime number?
False
Is 3748289 a prime number?
True
Is 208612883 a prime number?
True
Is 5161327 a composite number?
False
Is 246594583 prime?
True
Is 47477951 prime?
True
Is 73121929 prime?
True
Is 37937257 a prime number?
True
Is 235523395 a composite number?
True
Is 26093698 prime?
False
Is 50973317 a prime number?
True
Is 69065857 a composite number?
True
Is 12794569 prime?
False
Is 4547203 a prime number?
False
Is 30934751 a composite number?
True
Is 18947449 composite?
False
Is 328116797 prime?
False
Is 618323 composite?
False
Is 12061633 a composite number?
False
Is 4824217 composite?
True
Is 1402637 a composite number?
True
Is 150518806 composite?
True
Is 298289269 a composite number?
False
Is 182003729 composite?
False
Is 2453843 prime?
False
Is 920401 composite?
True
Is 200560753 prime?
True
Is 30905543 prime?
False
Is 3667127 prime?
True
Is 404671 a composite number?
False
Is 25101367 a composite number?
True
Is 245998211 a composite number?
True
Is 37270531 prime?
False
Is 2002893 prime?
False
Is 1215799 a prime number?
False
Is 208662343 a composite number?
True
Is 157994009 composite?
True
Is 7080077 a composite number?
False
Is 624443 a prime number?
True
Is 240452237 a prime number?
True
Is 67008527 a composite number?
False
Is 466961 a prime number?
False
Is 77463599 prime?
False
Is 21075907 a prime number?
True
Is 9548477 a prime number?
False
Is 5123561 a prime number?
False
Is 590431 composite?
False
Is 4151261 composite?
False
Is 11948371 a composite number?
True
Is 298685722 prime?
False
Is 27799277 a composite number?
True
Is 452867 a prime number?
False
Is 648848734 composite?
True
Is 61524587 a prime number?
True
Is 251047307 prime?
False
Is 74129813 composite?
False
Is 84119861 prime?
False
Is 7202669 a prime number?
True
Is 8150887 prime?
False
Is 240563221 prime?
True
Is 37054307 a prime number?
False
Is 88650611 prime?
False
Is 34841423 a composite number?
False
Is 52778401 prime?
False
Is 2065031 a composite number?
False
Is 30196727 a prime number?
False
Is 543155057 a composite number?
False
Is 6535019 a prime number?
True
Is 12141146 a composite number?
True
Is 8948003 prime?
False
Is 6110179 a prime number?
True
Is 516733 composite?
True
Is 4517809 prime?
True
Is 34385129 a composite number?
False
Is 20737139 prime?
True
Is 632161 a composite number?
True
Is 4398554 a composite number?
True
Is 49616507 composite?
False
Is 10825453 composite?
False
Is 625057 a composite number?
False
Is 13999067 prime?
False
Is 861219157 a prime number?
True
Is 130924583 a composite number?
True
Is 38953 prime?
True
Is 67880317 a composite number?
False
Is 44103407 prime?
False
Is 5514229 a prime number?
False
Is 17322919 a composite number?